, what is -3 + 264562?
26455b
In base 10, what is 6712 + -67136?
-60424
In base 16, what is 7923b6c + 5?
7923b71
In base 12, what is -526b98 - -a?
-526b8a
In base 11, what is -1 + 52150a8?
52150a7
In base 3, what is -112221110212 + -100?
-112221111012
In base 9, what is -7344 + -1726?
-10171
In base 3, what is -1222121110100022 + 111?
-1222121110022211
In base 9, what is 20202 + 452?
20654
In base 7, what is -30311626 - 114?
-30312043
In base 6, what is -23 - 22354153?
-22354220
In base 15, what is 10233b8 + 8?
10233c1
In base 8, what is 5 - -11130473?
11130500
In base 16, what is 2fb - -8eaf?
91aa
In base 8, what is -573047643 + 3?
-573047640
In base 16, what is -70 - -f318?
f2a8
In base 14, what is -24c00 + a2?
-24b3c
In base 3, what is -2 + -12022111222110?
-12022111222112
In base 12, what is -2 - a2b241?
-a2b243
In base 11, what is -253 - aa3550?
-aa37a3
In base 7, what is 453545 + -51?
453464
In base 6, what is -55 + 3153101?
3153002
In base 15, what is 311437 + 4b?
311483
In base 13, what is 2676203 + -37?
2676199
In base 8, what is -222442 + -3603?
-226245
In base 13, what is 4a0 - c2c84?
-c27b4
In base 15, what is 206aeed + 2?
206b000
In base 7, what is 301633 + -1650?
266653
In base 9, what is -83843 - 585?
-84538
In base 15, what is b7485 + 152?
b75d7
In base 10, what is 1253229 - 9?
1253220
In base 10, what is 1669090542 - 2?
1669090540
In base 7, what is -631 + -2560052?
-2561013
In base 6, what is -251 - -14311532?
14311241
In base 4, what is 20 - 1132121303000?
-1132121302320
In base 2, what is 10001100101100 - 10011001011111?
-1100110011
In base 3, what is -1002 - 12112022202?
-12112100211
In base 8, what is -2 - -515561023?
515561021
In base 10, what is -4 - 269624?
-269628
In base 4, what is -122323 - 31223023?
-32012012
In base 10, what is -1827 - -19390?
17563
In base 10, what is -79 + 4822436?
4822357
In base 10, what is 17 + -501257?
-501240
In base 14, what is 19244 - -58?
1929c
In base 14, what is 1326d6 - 49?
13268b
In base 8, what is 7642172 + 46?
7642240
In base 7, what is -4215 + -1633553?
-1641101
In base 4, what is -20100220131 - 10?
-20100220201
In base 15, what is 2e4 - 48907?
-48613
In base 6, what is 15505234542 - -10?
15505234552
In base 4, what is 203230 - 213203?
-3313
In base 11, what is -25097 + 19a?
-249a8
In base 3, what is 112222111 + -22102102?
20120002
In base 7, what is 26 - -5543134?
5543163
In base 2, what is -110111101 - -100011001101011101?
100011000110100000
In base 10, what is -460397 + -5?
-460402
In base 5, what is 121311120311 + 3?
121311120314
In base 12, what is -4 - -41121514?
41121510
In base 16, what is -19ef15 - 7?
-19ef1c
In base 5, what is 10 + 10122314411?
10122314421
In base 13, what is 1a053c8 - -3?
1a053cb
In base 15, what is 1 - -1605a91?
1605a92
In base 5, what is -13 + 31140232?
31140214
In base 5, what is -20030 - -1404023?
1333443
In base 2, what is 100010 - 111100011110000011101?
-111100011101111111011
In base 2, what is 110 + -10000011010011111111110110?
-10000011010011111111110000
In base 3, what is -22121 + -110121110022?
-110121202220
In base 14, what is 16 + -ac471?
-ac459
In base 16, what is 547747 - e?
547739
In base 10, what is -568084 + -16?
-568100
In base 12, what is -184974 + 2?
-184972
In base 9, what is 8858787 + 2?
8858800
In base 5, what is 3221330 + 130?
3222010
In base 12, what is 379 + 2932?
30ab
In base 15, what is 4cc5783 + 5?
4cc5788
In base 10, what is 403045 + -39?
403006
In base 4, what is 1200 + -11323203211?
-11323202011
In base 4, what is -311003202 + -120333?
-311130201
In base 3, what is -2200220 + -100201?
-10001121
In base 4, what is -203323 + -322210231?
-323020220
In base 11, what is 2 - 33233503?
-33233501
In base 10, what is -1 + -104911376?
-104911377
In base 14, what is -1d9 - -1595?
139a
In base 16, what is -6f5 + -1592a?
-1601f
In base 15, what is -5 + -b21974?
-b21979
In base 3, what is 22001020122101 + 20?
22001020122121
In base 7, what is 15263104 + -366?
15262405
In base 12, what is 2a5 + 33995b?
33a044
In base 13, what is 96b775 + 2b?
96b7a3
In base 5, what is 20424214 - -230?
20424444
In base 13, what is -64b465c - -1?
-64b465b
In base 2, what is 111111010 + -11010101100001001?
-11010100100001111
In base 13, what is 38c + 8758b?
8794a
In base 13, what is -1c9098 + -6a?
-1c9135
In base 8, what is -3773042 - -31?
-3773011
In base 15, what is dd + -84874?
-84786
In base 16, what is e9 + 1c3fc?
1c4e5
In base 8, what is 52250 - -211?
52461
In base 3, what is -112011 - -10210222?
10021211
In base 8, what is -4441 + -1010?
-5451
In base 13, what is 10397 - -19c?
10566
In base 11, what is -3396913 - 4?
-3396917
In base 7, what is 26 + 14015530?
14015556
In base 10, what is -1158 + -262393?
-263551
In base 12, what is -40131577 + 4?
-40131573
In base 6, what is -32233400 + 300?
-32233100
In base 4, what is -11 - -3301032011030?
3301032011013
In base 3, what is 21002122211 - -111210?
21010011121
In base 10, what is -268690 - -741?
-267949
In base 12, what is 376 - 37bb6?
-37840
In base 13, what is 1985 + -5442?
-378a
In base 6, what is 5244 + -33405?
-24121
In base 16, what is -10 + ac84?
ac74
In base 3, what is 20 + 1101110112110?
1101110112200
In base 6, what is -4304 + -5542351?
-5551055
In base 3, what is -20211211 - 100111212?
-121100200
In base 3, what is -12 - -102101220000112?
102101220000100
In base 10, what is 1529 + -2340?
-811
In base 4, what is 12002312 - -1110111?
13113023
In base 5, what is 11 - 113414242?
-113414231
In base 15, what is -66 - -14a68?
14a02
In base 4, what is -1203321003 + -11?
-1203321020
In base 6, what is 4 + -10020110415?
-10020110411
In base 16, what is -3 - 1716762?
-1716765
In base 3, what is 2002121202 + 211101?
2010110010
In base 5, what is -30 + 12324132?
12324102
In base 9, what is -16 - 1336814?
-1336831
In base 7, what is -60521 - -162?
-60326
In base 8, what is -1172023 + -1552?
-1173575
In base 16, what is 31245cc - 0?
31245cc
In base 9, what is -1145401 + 3142?
-1142248
In base 5, what is -1133243032302 - 2?
-1133243032304
In base 14, what is bd156a08 - -4?
bd156a0c
In base 10, what is 249870 + 37?
249907
In base 13, what is 4 + 14076899?
140768a0
In base 9, what is 24722441 + -8?
24722432
In base 12, what is -88450 - 4?
-88454
In base 4, what is -12000 - 12020021?
-12032021
In base 2, what is 1000001100000011011100 + -101111?
1000001100000010101101
In base 10, what is -5 + 134033060?
134033055
In base 5, what is -2323220133 + 24?
-2323220104
In base 11, what is 1342 - 10803?
-a471
In base 15, what is 1db2478 + -1?
1db2477
In base 2, what is -11111111001001 - -100100111100?
-11011010001101
In base 11, what is 1a7106 - 6?
1a7100
In base 13, what is 4 - -40701a1?
40701a5
In base 14, what is 865 + -4aba0?
-4a339
In base 6, what is 15540 + -10324?
5212
In base 9, what is 135 + 3884082?
3884227
In base 16, what is 33169a - c3?
3315d7
In base 11, what is 2 + 158411a20?
158411a22
In base 16, what is -2 + 1df1ef6?
1df1ef4
In base 3, what is -12 + 2010121002212211?
2010121002212122
In base 13, what is -44002b0a + 2?
-44002b08
In base 4, what is -13113230 + -101121?
-13221011
In base 9, what is 80500151 - 0?
80500151
In base 4, what is -101013 - -231032132?
230331113
In base 3, what is -111011211122 + 101021?
-111011110101
In base 9, what is -12380 - 865?
-13355
In base 12, what is -12b497 + 20?
-12b477
In base 6, what is 20 - -2553004?
2553024
In base 14, what is 115882 - 639?
115247
In base 14, what is -cb - 185197?
-185284
In base 14, what is 2989882 - 31?
2989851
In base 8, what is -17757 + -137?
-20116
In base 7, what is -12 - -154056233?
154056221
In base 13, what is -1868b + -16c5?
-1a083
In base 8, what is 122 - 41565?
-41443
In base 11, what is 2601a36 - -1?
2601a37
In base 4, what is -312320230 - -131?
-312320033
In base 6, what is 210213225 - 0?
210213225
In base 4, what is -11 + -333332010?
-333332021
In base 10, what is 28386217 + -3?
28386214
In base 4, what is -1313321132 + 102?
-1313321030
In base 7, what is 231105 + -12223?
215552
In base 7, what is 1563451 + 32?
1563513
In base 13, what is 9476 + 597?
9a40
In base 10, what is 40643 - -592?
41235
In base 8, what is -60607 + 46?
-60541
In base 12, what is -4845277 + 3?
-4845274
In base 10, what is 5 + -48277339?
-48277334
In base 5